050
Convert -2a2 (base 14) to base 9.
-653
What is bd41 (base 14) in base 16?
8015
Convert -20225 (base 8) to base 10.
-8341
Convert -7627 (base 15) to base 8.
-60664
-10011010011010 (base 2) to base 11
-7474
Convert -a860 (base 11) to base 15.
-43b4
What is 103 (base 6) in base 4?
213
Convert 180 (base 9) to base 11.
12a
1715 (base 11) to base 14
b2a
What is -33742 (base 9) in base 6?
-252015
-1011000100 (base 2) to base 4
-23010
What is -24320 (base 5) in base 15?
-825
What is 1a1 (base 14) in base 16?
151
What is -5466 (base 7) in base 12?
-1173
-13c1a (base 13) to base 8
-110523
-5aa2 (base 15) to base 6
-225125
What is -51315 (base 6) in base 2?
-1101010011111
Convert 17894 (base 11) to base 16.
61c5
Convert 244 (base 11) to base 14.
16a
-3533 (base 6) to base 3
-1011110
What is 1381 (base 11) in base 16?
6f7
-1412 (base 5) to base 16
-e8
a00 (base 12) to base 13
86a
Convert -572 (base 11) to base 2.
-1010101100
Convert -23037 (base 8) to base 5.
-303014
Convert -9302 (base 10) to base 12.
-5472
Convert 718 (base 13) to base 12.
844
What is -110101000011000 (base 2) in base 6?
-325424
What is -2063 (base 9) in base 12?
-a63
Convert -2130 (base 7) to base 14.
-3c0
Convert -2119 (base 12) to base 11.
-27a2
What is -2634 (base 10) in base 14?
-d62
Convert -1100000101 (base 2) to base 10.
-773
Convert -8 (base 11) to base 16.
-8
What is 1102000201 (base 3) in base 10?
27721
What is 1581 (base 9) in base 2?
10010110111
Convert -12113 (base 5) to base 8.
-1614
Convert -ca03 (base 14) to base 10.
-34891
-a3b (base 16) to base 2
-101000111011
Convert 76304 (base 8) to base 14.
b8d6
-70 (base 8) to base 5
-211
Convert -101010011110011 (base 2) to base 14.
-7cd5
252 (base 14) to base 3
122012
What is -702 (base 8) in base 12?
-316
Convert 313 (base 5) to base 12.
6b
Convert -1635 (base 7) to base 15.
-2e3
Convert 13320 (base 4) to base 3.
200200
What is -1002010 (base 3) in base 10?
-786
-1012 (base 4) to base 11
-64
Convert 17995 (base 13) to base 11.
3127a
-3012 (base 6) to base 10
-656
Convert -342 (base 5) to base 6.
-241
What is -12824 (base 13) in base 7?
-202052
Convert 303211 (base 5) to base 4.
2121032
Convert ebe (base 15) to base 9.
4508
Convert 11200111 (base 3) to base 5.
102130
-1031 (base 6) to base 2
-11101011
Convert -d7e (base 15) to base 7.
-11606
What is -2102 (base 8) in base 2?
-10001000010
Convert -343e (base 15) to base 14.
-407a
2111210 (base 3) to base 12
1086
What is 6246 (base 7) in base 5?
32230
What is 4510 (base 6) in base 13?
62a
-33147 (base 8) to base 16
-3667
What is -724 (base 9) in base 3?
-210211
6034 (base 8) to base 10
3100
What is 23865 (base 11) in base 13?
12807
Convert -53551 (base 6) to base 2.
-1110010101011
3445 (base 12) to base 6
42525
-56b5 (base 13) to base 16
-2f73
Convert 73 (base 11) to base 7.
143
What is -4e5 (base 16) in base 13?
-755
Convert -ce19 (base 15) to base 8.
-125232
-11380 (base 14) to base 5
-2314420
What is -3c0 (base 13) in base 2?
-1010010111
Convert 6457 (base 8) to base 13.
16c8
What is -1105253 (base 6) in base 15?
-1172c
Convert ae6 (base 16) to base 15.
c60
What is -451 (base 10) in base 2?
-111000011
-1000010 (base 3) to base 14
-3a4
Convert -12011020 (base 3) to base 12.
-2213
Convert 17728 (base 11) to base 3.
1021001211
50233 (base 8) to base 7
114106
534 (base 7) to base 13
17a
Convert -632 (base 10) to base 5.
-10012
What is 213022 (base 5) in base 14?
290a
What is 2222 (base 4) in base 5?
1140
Convert 260 (base 16) to base 12.
428
What is -3064 (base 7) in base 13?
-649
221100 (base 4) to base 12
1640
-12137 (base 11) to base 2
-100010000111000
What is -3043 (base 5) in base 4?
-12032
-11001001010 (base 2) to base 5
-22420
Convert -1ac (base 13) to base 8.
-467
b2b1 (base 12) to base 16
4be5
What is 78d (base 15) in base 4?
122230
What is -121100 (base 6) in base 11?
-7a85
Convert -1141404 (base 5) to base 6.
-243235
22ca (base 15) to base 16
1cde
-50 (base 14) to base 10
-70
19307 (base 12) to base 2
1000111101110111
What is 230036 (base 7) in base 3?
2002000202
What is 721b (base 15) in base 13?
ac7c
What is 195b5 (base 12) in base 13?
13ba4
b819 (base 14) to base 8
76037
-905b (base 13) to base 4
-10312021
Convert 4aaa (base 12) to base 7.
33505
What is -3b (base 12) in base 3?
-1202
Convert -5552 (base 6) to base 11.
-a75
-1101101010000 (base 2) to base 12
-4068
10001111010 (base 2) to base 10
1146
Convert -25480 (base 9) to base 2.
-100001100001011
Convert -120121011 (base 3) to base 2.
-10110001101011
-2002 (base 3) to base 5
-211
7d5 (base 14) to base 16
617
-3b6 (base 12) to base 7
-1443
-10002000000 (base 3) to base 14
-1809d
Convert -214323 (base 5) to base 13.
-3521
What is 4451 (base 6) in base 7?
3013
What is 5212 (base 7) in base 2?
11100011110
What is 11000000000 (base 2) in base 6?
11040
What is 41132 (base 9) in base 13?
c434
What is -4131 (base 6) in base 2?
-1110010111
Convert -b (base 14) to base 11.
-10
-5201 (base 6) to base 16
-481
Convert 1110011101100 (base 2) to base 9.
11136
202222001 (base 3) to base 10
15283
Convert -1011010112 (base 3) to base 12.
-11172
4246 (base 8) to base 7
6312
Convert 2841 (base 14) to base 4.
1233021
-5736 (base 8) to base 10
-3038
-120111 (base 3) to base 8
-642
Convert 11ac (base 16) to base 14.
1912
7ab (base 12) to base 14
5b5
What is -110000110111 (base 2) in base 14?
-11d5
3c2 (base 15) to base 16
359
43737 (base 9) to base 3
1110211021
10000011010110 (base 2) to base 4
2003112
Convert -10010110011 (base 2) to base 6.
-5323
What is 10220220 (base 3) in base 11?
216a
Convert 44275 (base 8) to base 11.
12a99
Convert -100100120 (base 3) to base 2.
-1101010100011
What is -1011100001 (base 2) in base 4?
-23201
14405 (base 7) to base 13
1a69
Convert -7357 (base 9) to base 13.
-25c3
What is -10100011100 (base 2) in base 8?
-2434
What is -cd (base 15) in base 11?
-166
2456 (base 7) to base 14
49d
What is 36900 (base 10) in base 4?
21000210
What is 3337 (base 12) in base 7?
22333
What is -905 (base 12) in base 3?
-1210012
-503 (base 9) to base 11
-341
Convert -268 (base 15) to base 10.
-548
Convert -1e2 (base 15) to base 9.
-535
Convert -2100201 (base 3) to base 10.
-1720
Convert 1002221202 (base 3) to base 11.
15451
-1513 (base 9) to base 11
-952
-1325 (base 6) to base 3
-110122
What is -835 (base 10) in base 4?
-31003
What is -100000111 (base 2) in base 10?
-263
Convert 1b7 (base 14) to base 15.
18c
100100000100 (base 2) to base 3
10011111
What is -18c9 (base 14) in base 11?
-3411
Convert -721 (base 10) to base 9.
-881
Convert 21535 (base 6) to base 3.
11010112
What is b54 (base 13) in base 3?
2122102
-558 (base 16) to base 9
-1780
Convert -133001 (base 4) to base 3.
-2201112
Convert -37736 (base 8) to base 2.
-11111111011110
Convert -302 (base 15) to base 10.
-677
Convert -351 (base 12) to base 4.
-13231
c502 (base 13) to base 10
27211
What is 1666 (base 12) in base 11?
2008
What is 45160 (base 8) in base 12?
b040
4584 (base 9) to base 8
6505
What is 1100101000 (base 2) in base 10?
808
18753 (base 14) to base 5
3434223
10 (base 10) to base 14
a
-202121020 (base 3) to base 15
-46b3
What is -5d7 (base 14) in base 9?
-1538
What is -571 (base 13) in base 8?
-1651
188a (base 11) to base 12
1479
What is 1411211 (base 5) in base 11?
1a811
Convert -4335 (base 9) to base 5.
-100231
What is -15333 (base 7) in base 3?
-12212210
Convert -2468 (base 9) to base 12.
-1098
What is 20002202 (base 3) in base 8?
10540
Convert -669 (base 13) to base 12.
-779
Convert -1445 (base 11) to base 16.
-748
-44150 (base 8) to base 10
-18536
Convert -60651 (base 7) to base 15.
-4576
What is -1247 (base 9) in base 2?
-1110100110
What is 55552 (base 8) in base 9?
35082
Convert 2a41 (base 13) to base 5.
144022
-133 (base 13) to base 8
-323
What is -4e52 (base 15) in base 3?
-211221112
What is -17303 (base 8) in base 7?
-31650
What is 127 (base 10) in base 9?
151
Convert 2175 (base 13) to base 3.
20101120
Convert 2579 (base 15) to base 14.
2ca9
Convert -29ba (base 16) to base 6.
-121242
What is 4624 (base 8) in base 6?
15204
Convert -3556 (base 7) to base 8.
-2443
What is -1a05 (base 12) in base 10?
-3173
Convert 1035 (base 7) to base 12.
269
What is 25a5a (base 12) in base 7?
303334
What is 3a0 (base 11) in base 14?
25b
-128 (base 14) to ba